-7 = -0*y - y. Let d(x) = 0*x**2 + 6 + x**2 - y. Give d(-3).
8
Suppose 0 = 15*o - 17*o. Let q(h) = -h + 10. What is q(o)?
10
Let x be 1/((-60)/(-74)) - (-4)/(-10). Let t(b) be the third derivative of 1/24*b**4 + 0 + x*b**3 + 0*b - 3*b**2. Determine t(-4).
1
Suppose 4*w + 20 = 0, 0*w - 30 = -4*r + 2*w. Let l(i) = 7*i**2 - 4*i - 4. Let j(f) = 3*f**2 - 2*f - 3. Let s(y) = -5*j(y) + 2*l(y). What is s(r)?
-8
Suppose 3 = s + 2*t - 1, 0 = -4*s + 3*t + 16. Let w(c) = -3*c**2 + 2*c**2 + s - 4*c + 0. Let z = -990 + 986. Determine w(z).
4
Let q(v) = 9 - 17 - v + 14. Calculate q(6).
0
Suppose -3*z + 11 - 2 = 0. Suppose -z*i + 3*h = 12 - 3, 3*i = 2*h - 11. Let x = 0 - i. Let s(n) = n + 2. Determine s(x).
7
Let x(t) = -t**2 + 7*t - 6. Let m be 9 - (2 + (-2)/(-2)). Determine x(m).
0
Let b(l) = -l**2 - 15*l + 6. Let m be b(-15). Let o(v) = -v**2 + 4*v + 7. Give o(m).
-5
Let j(i) = -7*i**2 - 9*i + 7. Let f(m) = -m**2 + 1. Let g(w) = -6*f(w) + j(w). Determine g(-8).
9
Suppose -3 = -p + 1. Let j be 16/7 + 10/(-35). Let q(h) = 2 + 2*h**2 - 4*h**j + 3*h**2 - 5*h. Calculate q(p).
-2
Let n(x) be the second derivative of -7*x**4/12 - 36*x. Determine n(1).
-7
Suppose 20 - 5 = 3*x. Suppose 2 - x = z. Let p(u) = u**2 + 2*u + 4. Calculate p(z).
7
Let y be (4/6)/(2/21). Suppose 5*p - 19 = -5*j + 21, 4*p = j + y. Let b be (-10)/(-3) + (-1)/p. Let u(h) = h**3 - 5*h**2 + 5*h - 3. Calculate u(b).
-6
Suppose -b - 2 = 0, 0 = -4*c - 5*b - 2 - 4. Let d(i) = -2*i + 4*i + c + 0. Suppose 0 = -5*j + 4 - 24. What is d(j)?
-7
Let m = 22 + -15. Let g = m - 5. Let a(x) = -x**2 + 5*x + 5. Let y(z) = 2*z**2 - 9*z - 9. Let u(h) = -7*a(h) - 4*y(h). What is u(g)?
-1
Let a(m) = m**3 + 8*m**2 + 6*m - 4. Let c = 32 + -39. What is a(c)?
3
Let p(c) = 4*c - 4. Let q(s) = 16 - 12 - 5. Let n(v) = -p(v) + 4*q(v). Determine n(1).
-4
Let b(c) = -5 - c - 3*c + 4 + 0. Suppose 3*j - 2*z + 14 = 0, 3*j = 5*j - 3*z + 6. Let n be (-12)/(-9) + (-4)/j. Determine b(n).
-9
Let t(k) = -k**3 + 4*k**2. Suppose -x - 2*w - 26 = -6*x, -2*x = 2*w - 2. Calculate t(x).
0
Let k(t) = 5*t + 1. Suppose 3*p = 2*p - 7. Let v(s) = 3*s + 1. Let c(n) = p*v(n) + 4*k(n). Give c(0).
-3
Let o(h) = -h**2 - 4*h - 3. Let b be o(-2). Let c(p) = -p - 4. Let g be c(-5). Let y = g + b. Let w(j) = -j**2 + 4*j + 1. What is w(y)?
5
Let t(z) = -2*z**2 + 5*z. Let l be (-1)/4 + (-34)/(-8). What is t(l)?
-12
Let n(y) = 7*y - 2. Let c(m) = m. Let r(i) = 6*c(i) - n(i). Give r(0).
2
Let k be 4/(12/(-9)) - 1. Let j = k - -9. Let p(f) be the first derivative of f**2/2 - 4*f + 1. What is p(j)?
1
Let v be (10/3 - 1)*-3. Let g = -10 - v. Let j(t) = 10*t**2 + 20*t - 11. Let f(r) = 2*r**2 + 4*r - 2. Let p(x) = 11*f(x) - 2*j(x). Calculate p(g).
6
Let g(m) = m**3 + 6*m**2 + 3*m - 3. Let z be (-32)/4 - (-1 + -2). What is g(z)?
7
Let o(x) be the first derivative of -3*x**4/2 - x**3/3 + x - 2. Let k = 2 - 4. Let v be 1/(k - -1)*1. Give o(v).
6
Let d(i) = -i + 1. Let o(k) = -24 - k**3 - 4*k**2 - 3*k + 24. Let f(x) = -x - 8. Let w be f(-5). Let p be o(w). What is d(p)?
1
Let b(p) = 0 - 3 - 6*p - 179*p**2 - 171*p**2 + 349*p**2. What is b(-5)?
2
Let f(t) = -2*t**3 + t**2 - 1. Let o be 10/5*2/(-4). Calculate f(o).
2
Let b(g) = g**3 + 4*g**2 - 5*g - 5. Suppose 6 - 1 = -j. Determine b(j).
-5
Let g(t) = 4*t**2 - 4*t + 2. Let b(x) = x**2 - x + 1. Let c(m) = 7*b(m) - 2*g(m). Let u be (-1 - -5) + (7 - 8). What is c(u)?
-3
Let u(r) = -r**3 - 8*r**2 - r - 11. Let t be u(-8). Let l(x) = 2*x**2 + 4*x + 1. Determine l(t).
7
Let p(l) = l**2 + 5*l. Let i(h) = -h**2. Let q be i(2). Let z be p(q). Let c(r) = -r**3 - 4*r**2 - r - 5. Give c(z).
-1
Let c(l) be the second derivative of -l**5/10 - l**4/12 + l**3/6 - l**2/2 - l. Let x = -4 - -5. What is c(x)?
-3
Let j(b) = -4*b + 4. Let z(l) be the second derivative of 4*l**3/3 - 9*l**2/2 + 2*l. Let w(m) = -5*j(m) - 2*z(m). Give w(2).
6
Let w(b) = -20 + 2*b + 8 + 16. Suppose 0 = 5*p + 2*m - 44, -2*p + 0*p - 3*m + 22 = 0. Suppose 18 - p = -2*j. What is w(j)?
-6
Suppose -5*u + 0*u + 17 = -l, 0 = -5*l + u + 11. Suppose 5*h + 16 = 3*y, -l*y - 3*h + h - 19 = 0. Let t = -8 - y. Let j(s) = s**3 + 5*s**2 - 7. Calculate j(t).
-7
Let c(d) be the third derivative of 1/6*d**3 + 0*d + 0 - 1/60*d**5 - 3*d**2 - 1/6*d**4. Determine c(-3).
4
Let g(d) = 3*d - 4*d + 0*d. Let z = 8 - 3. Calculate g(z).
-5
Let k(x) = -x**2 + 10*x + 5. Suppose 0 = t - 7 - 4. Let n be k(t). Let h(g) = -1 - g - 2*g**2 + 3*g**2 + 6*g. Calculate h(n).
5
Suppose -3*n = -5*i - 0 + 1, 3*n + 3*i = 15. Let v(l) be the third derivative of -l**5/30 + l**4/12 + l**3/3 - 2*l**2. Give v(n).
-10
Let m(c) be the third derivative of -c**6/120 - c**3/6 + 26*c**2. Give m(-2).
7
Let s(i) = -1 - 7*i**2 - 2*i**2 + 2 - i. Suppose 0 = k + 5, n + 5 + 16 = -5*k. Suppose -3 + 7 = n*g. Determine s(g).
-9
Let g(r) = -2*r**2 - 21*r - 11. Let s(q) = -q**2 - 10*q - 6. Let m(b) = -3*g(b) + 7*s(b). Determine m(-6).
-3
Let v(t) be the first derivative of t**4/4 + 7*t**3/3 + 2*t**2 - 8*t + 2. Let m be ((-2)/4)/(8/96). Determine v(m).
4
Let l be (-4)/14 + 16/7. Suppose 22 - 5 = 5*y - l*u, 3*u = -2*y + 3. Let t(r) = 21*r - 21. Let s(c) = -6*c + 6. Let g(f) = 18*s(f) + 5*t(f). Determine g(y).
-6
Let l(g) = -5*g + 4 - 4*g**2 + 5*g**2 - 5. Let c = -23 - -28. Determine l(c).
-1
Let b(d) = -6*d + 14. Let v be b(2). Let m(f) be the first derivative of -2 + 1/2*f**v + 2*f**3 + f. Give m(-1).
6
Let n(b) = 1. Suppose 0 = 15*p - 19*p + 16. Let t(y) = y - 2. Let i(s) = p*n(s) + t(s). Determine i(-5).
-3
Let l(n) be the third derivative of n**6/120 + n**5/10 + 5*n**4/24 - n**3 - 10*n**2. What is l(-5)?
-6
Let k = -31 + 76. Let c be ((-6)/(-9))/((-10)/k). Let n(o) = -o**2 - 3*o + 4. Calculate n(c).
4
Let d(s) = -5*s**3 - 1. Let w be d(1). Let g(r) = 2*r + 7. Give g(w).
-5
Let g(y) be the first derivative of 4*y**3/3 + y**2/2 + 5*y - 6. Let x(q) = 5*q**2 + 5. Let t(d) = -6*g(d) + 5*x(d). Give t(6).
-5
Let j(m) = -7*m**3 + 10*m**2 + 10*m - 3. Let f be 2/(-5)*(-7 - 8). Let t(c) = 8*c**3 - 11*c**2 - 11*c + 4. Let v(n) = f*t(n) + 7*j(n). Calculate v(5).
-2
Suppose p - 5 = -o, 5*p - o + 3 = 28. Let c(a) = 5*a**2 + 6*a - 8. Let f(y) = y**2 - 1. Let q(t) = c(t) - 6*f(t). Determine q(p).
3
Suppose 0 = -5*p - 4 - 1, -2*c - 5*p = 19. Let n(m) = m + 7. What is n(c)?
0
Let a(s) = 3*s + 2*s**2 - s**2 - 8*s. Let c be a(5). Let n(o) = c + 0 - 2*o + 1 + o**2 - 2. Determine n(4).
7
Let g(a) = -a + 3. Let r(k) = k**2 - 4*k - 2. Let t be r(5). Let p be 0 + 2 - t*-1. Suppose -21 + p = -4*x. Determine g(x).
-1
Let m(s) = 3*s - 4. Let a(g) = 5*g - 7. Let f(b) = 4*a(b) - 7*m(b). Let y(x) = -x**2 - 5*x + 3. Let n be y(-5). Give f(n).
-3
Let w(d) = d - 4. Let p(l) be the third derivative of l**6/120 + l**5/20 - l**4/6 + 5*l**3/6 + l**2. Let z be p(-4). Give w(z).
1
Let n = 4 - 3. Let w(i) = -58*i + 126*i - 59*i. Give w(n).
9
Suppose 3*w = -2*w + 40. Suppose 3*f - 3*j = -w*j - 22, 0 = -5*j - 10. Let g(v) = -v**2 - 3*v - 1. What is g(f)?
-5
Let z be 6/(-18) + 26/6. Let o(t) be the second derivative of -t**3 + 0 - 1/20*t**5 + 1/2*t**z + 5/2*t**2 - t. Determine o(5).
0
Suppose -3*o - 18 = -3*v - 0*o, 12 = -3*o. Let x(f) = 3*f - 1 + 0*f**v - 2*f + 0*f**2 - 3*f**3. Determine x(1).
-3
Let v(o) = -o**2 + 7*o - 4. Let t be v(6). Let n(r) = -3 + 4*r**3 + 3*r**t - 3*r**3 + 0*r**3 - 4*r. What is n(-4)?
-3
Let o(k) = -k**2 - 2*k - 2. Suppose -1 = v - 17. Suppose 4*m + 5*c - 5 = 0, 0 = m + c + c + 1. Suppose -5*d + 1 = m*x + v, 5*x + 3 = -d. Determine o(d).
-5
Let o(y) = y**2 + y + 1. Let n(b) = b**3 - 4*b**2 + 5*b + 9. Let m(h) = -n(h) + 3*o(h). Calculate m(6).
18
Let t be 5/30 + (-130)/(-12) + -4. Let b(y) = -y + 4. Give b(t).
-3
Suppose -2*s = -7*s. Suppose -5 = 5*n - 20. Let x(z) = -2 + z - 2*z + z**n + 3. Give x(s).
1
Let o(d) = -7 - 2 + d - 3. What is o(5)?
-7
Let x(l) be the first derivative of -l**3/3 - 3*l**2/2 + 3*l - 1. Suppose 2*q - 3*c = -45, 4*c = 4*q + 2*c + 102. Let v be (4/6)/(6/q). Determine x(v).
3
Let k(v) = 6*v - 1. Let f be k(-1). Let g(o) = o + 2. What is g(f)?
-5
Let q(j) = 3*j - 1. Let d(f) = 5*f - 1. Let x(i) = 4*d(i) - 7*q(i). Calculate x(-6).
9
Suppose 4*w - 20 = 3*s, -3*w + 3*s + 18 = -0*s. Let c(z) = 2*z**2 + 3 - 4*z**2 - z**2 + 2*z + w*z**2. Give c(4).
-5
Let o be 2/(-2)*0/1. Let p(j) = -j - 6. Let r be p(o). Let b(d) = -d - 8. Det